{"id":193,"date":"2017-02-26T11:18:17","date_gmt":"2017-02-26T11:18:17","guid":{"rendered":"https:\/\/www.mulleradvocacia.adv.br\/v1\/?page_id=193"},"modified":"2021-04-14T13:51:12","modified_gmt":"2021-04-14T16:51:12","slug":"atuacao","status":"publish","type":"page","link":"https:\/\/www.mulleradvocacia.adv.br\/v1\/atuacao\/","title":{"rendered":"\u00c1reas de atua\u00e7\u00e3o"},"content":{"rendered":"<div class=\"wpb-content-wrapper\"><p>[vc_row full_width=&#8221;stretch_row&#8221;][vc_column][trx_sc_services type=&#8221;default&#8221; featured=&#8221;icon&#8221; featured_position=&#8221;top&#8221; show_decor=&#8221;&#8221; hide_excerpt=&#8221;1&#8243; no_margin=&#8221;&#8221; icons_animation=&#8221;&#8221; cat=&#8221;23&#8243; orderby=&#8221;none&#8221; title_style=&#8221;default&#8221; count=&#8221;13&#8243; columns=&#8221;6&#8243;][vc_empty_space height=&#8221;3em&#8221; alter_height=&#8221;large&#8221; hide_on_mobile=&#8221;1&#8243;][vc_empty_space height=&#8221;1.8em&#8221; alter_height=&#8221;none&#8221; hide_on_mobile=&#8221;&#8221;][vc_empty_space height=&#8221;3em&#8221; alter_height=&#8221;none&#8221; hide_on_mobile=&#8221;&#8221;][\/vc_column][\/vc_row]<\/p>\n<\/div>","protected":false},"excerpt":{"rendered":"<p>[vc_row full_width=&rdquo;stretch_row&rdquo;][vc_column][trx_sc_services type=&rdquo;default&rdquo; featured=&rdquo;icon&rdquo; featured_position=&rdquo;top&rdquo; show_decor=&rdquo;&rdquo; hide_excerpt=&rdquo;1&Prime; no_margin=&rdquo;&rdquo; icons_animation=&rdquo;&rdquo; cat=&rdquo;23&Prime; orderby=&rdquo;none&rdquo; title_style=&rdquo;default&rdquo; count=&rdquo;13&Prime; columns=&rdquo;6&Prime;][vc_empty_space height=&rdquo;3em&rdquo; alter_height=&rdquo;large&rdquo; hide_on_mobile=&rdquo;1&Prime;][vc_empty_space height=&rdquo;1.8em&rdquo; alter_height=&rdquo;none&rdquo; hide_on_mobile=&rdquo;&rdquo;][vc_empty_space height=&rdquo;3em&rdquo; alter_height=&rdquo;none&rdquo; hide_on_mobile=&rdquo;&rdquo;][\/vc_column][\/vc_row]<\/p>\n","protected":false},"author":1,"featured_media":0,"parent":0,"menu_order":0,"comment_status":"closed","ping_status":"closed","template":"","meta":{"footnotes":""},"class_list":["post-193","page","type-page","status-publish","hentry"],"_links":{"self":[{"href":"https:\/\/www.mulleradvocacia.adv.br\/v1\/wp-json\/wp\/v2\/pages\/193","targetHints":{"allow":["GET"]}}],"collection":[{"href":"https:\/\/www.mulleradvocacia.adv.br\/v1\/wp-json\/wp\/v2\/pages"}],"about":[{"href":"https:\/\/www.mulleradvocacia.adv.br\/v1\/wp-json\/wp\/v2\/types\/page"}],"author":[{"embeddable":true,"href":"https:\/\/www.mulleradvocacia.adv.br\/v1\/wp-json\/wp\/v2\/users\/1"}],"replies":[{"embeddable":true,"href":"https:\/\/www.mulleradvocacia.adv.br\/v1\/wp-json\/wp\/v2\/comments?post=193"}],"version-history":[{"count":9,"href":"https:\/\/www.mulleradvocacia.adv.br\/v1\/wp-json\/wp\/v2\/pages\/193\/revisions"}],"predecessor-version":[{"id":1059,"href":"https:\/\/www.mulleradvocacia.adv.br\/v1\/wp-json\/wp\/v2\/pages\/193\/revisions\/1059"}],"wp:attachment":[{"href":"https:\/\/www.mulleradvocacia.adv.br\/v1\/wp-json\/wp\/v2\/media?parent=193"}],"curies":[{"name":"wp","href":"https:\/\/api.w.org\/{rel}","templated":true}]}}