{"id":176,"date":"2017-02-26T10:51:13","date_gmt":"2017-02-26T10:51:13","guid":{"rendered":"https:\/\/www.mulleradvocacia.adv.br\/v1\/?page_id=176"},"modified":"2022-05-19T17:22:11","modified_gmt":"2022-05-19T20:22:11","slug":"advogados","status":"publish","type":"page","link":"https:\/\/www.mulleradvocacia.adv.br\/v1\/advogados\/","title":{"rendered":"Advogados"},"content":{"rendered":"<div class=\"wpb-content-wrapper\"><p>[vc_row css=&#8221;.vc_custom_1616003117787{margin-top: -80px !important;}&#8221;][vc_column][vc_empty_space height=&#8221;1em&#8221; alter_height=&#8221;none&#8221; hide_on_mobile=&#8221;1&#8243;][\/vc_column][\/vc_row][vc_row][vc_column width=&#8221;1\/2&#8243;][vc_empty_space height=&#8221;2em&#8221; alter_height=&#8221;none&#8221; hide_on_mobile=&#8221;&#8221;][vc_single_image image=&#8221;1540&#8243; img_size=&#8221;400&#215;268&#8243;][\/vc_column][vc_column width=&#8221;1\/2&#8243;][vc_empty_space height=&#8221;2em&#8221; alter_height=&#8221;none&#8221; hide_on_mobile=&#8221;&#8221;][vc_empty_space height=&#8221;2em&#8221; alter_height=&#8221;none&#8221; hide_on_mobile=&#8221;&#8221;]<div\t\tclass=\"sc_title sc_title_default\"><span class=\"sc_item_subtitle sc_title_subtitle sc_align_left sc_item_subtitle_above sc_item_title_style_default\">Equipe<\/span><h1 class=\"sc_item_title sc_title_title sc_align_left sc_item_title_style_default sc_item_title_tag\"\n\t\t\t><span class=\"sc_item_title_text\">Profissionais altamente capacitados e com experi\u00eancias na esfera judicial, contenciosa e extrajudicial.<\/span><\/h1><\/div>[vc_empty_space height=&#8221;0.2em&#8221; alter_height=&#8221;none&#8221; hide_on_mobile=&#8221;&#8221;][vc_column_text]Nosso objetivo principal \u00e9 a presta\u00e7\u00e3o eficiente da advocacia, o atendimento compromissado aos nossos clientes e a satisfa\u00e7\u00e3o de suas necessidades jur\u00eddicas. Conhe\u00e7a abaixo nossa equipe de advogados.[\/vc_column_text][vc_empty_space height=&#8221;70&#8243; hide_on_mobile=&#8221;&#8221;][\/vc_column][\/vc_row][vc_row][vc_column][vc_empty_space height=&#8221;3em&#8221; hide_on_mobile=&#8221;1&#8243;][vc_empty_space height=&#8221;3em&#8221; alter_height=&#8221;none&#8221; hide_on_mobile=&#8221;&#8221;][vc_empty_space height=&#8221;1.45em&#8221; alter_height=&#8221;none&#8221; hide_on_mobile=&#8221;1&#8243;][\/vc_column][\/vc_row][vc_row][vc_column][vc_empty_space alter_height=&#8221;medium&#8221; hide_on_mobile=&#8221;1&#8243;][trx_sc_team type=&#8221;default&#8221; cat=&#8221;22&#8243; orderby=&#8221;post_date&#8221; order=&#8221;desc&#8221; slider=&#8221;&#8221; title_style=&#8221;custom_image&#8221; title_tag=&#8221;h1&#8243; title_align=&#8221;center&#8221; count=&#8221;9&#8243; columns=&#8221;3&#8243; title=&#8221;Advogados&#8221; description=&#8221;Conhe\u00e7a nossa equipe&#8221;][\/vc_column][\/vc_row]<\/p>\n<\/div>","protected":false},"excerpt":{"rendered":"<p>[vc_row css=&rdquo;.vc_custom_1616003117787{margin-top: -80px !important;}&rdquo;][vc_column][vc_empty_space height=&rdquo;1em&rdquo; alter_height=&rdquo;none&rdquo; hide_on_mobile=&rdquo;1&Prime;][\/vc_column][\/vc_row][vc_row][vc_column width=&rdquo;1\/2&Prime;][vc_empty_space height=&rdquo;2em&rdquo; alter_height=&rdquo;none&rdquo; hide_on_mobile=&rdquo;&rdquo;][vc_single_image image=&rdquo;1540&Prime; img_size=&rdquo;400&times;268&Prime;][\/vc_column][vc_column width=&rdquo;1\/2&Prime;][vc_empty_space height=&rdquo;2em&rdquo; alter_height=&rdquo;none&rdquo; hide_on_mobile=&rdquo;&rdquo;][vc_empty_space height=&rdquo;2em&rdquo; alter_height=&rdquo;none&rdquo; hide_on_mobile=&rdquo;&rdquo;][vc_empty_space height=&rdquo;0.2em&rdquo; alter_height=&rdquo;none&rdquo; hide_on_mobile=&rdquo;&rdquo;][vc_column_text]Nosso objetivo principal &eacute; a presta&ccedil;&atilde;o eficiente da advocacia, o atendimento compromissado aos nossos clientes e a satisfa&ccedil;&atilde;o de suas necessidades jur&iacute;dicas. Conhe&ccedil;a&hellip;<\/p>\n","protected":false},"author":1,"featured_media":0,"parent":0,"menu_order":0,"comment_status":"closed","ping_status":"closed","template":"","meta":{"footnotes":""},"class_list":["post-176","page","type-page","status-publish","hentry"],"_links":{"self":[{"href":"https:\/\/www.mulleradvocacia.adv.br\/v1\/wp-json\/wp\/v2\/pages\/176","targetHints":{"allow":["GET"]}}],"collection":[{"href":"https:\/\/www.mulleradvocacia.adv.br\/v1\/wp-json\/wp\/v2\/pages"}],"about":[{"href":"https:\/\/www.mulleradvocacia.adv.br\/v1\/wp-json\/wp\/v2\/types\/page"}],"author":[{"embeddable":true,"href":"https:\/\/www.mulleradvocacia.adv.br\/v1\/wp-json\/wp\/v2\/users\/1"}],"replies":[{"embeddable":true,"href":"https:\/\/www.mulleradvocacia.adv.br\/v1\/wp-json\/wp\/v2\/comments?post=176"}],"version-history":[{"count":10,"href":"https:\/\/www.mulleradvocacia.adv.br\/v1\/wp-json\/wp\/v2\/pages\/176\/revisions"}],"predecessor-version":[{"id":1541,"href":"https:\/\/www.mulleradvocacia.adv.br\/v1\/wp-json\/wp\/v2\/pages\/176\/revisions\/1541"}],"wp:attachment":[{"href":"https:\/\/www.mulleradvocacia.adv.br\/v1\/wp-json\/wp\/v2\/media?parent=176"}],"curies":[{"name":"wp","href":"https:\/\/api.w.org\/{rel}","templated":true}]}}